**3 + 15*n**2 - 10*n - 15. List the prime factors of l(14).
41
Let t(k) = k**3 + 11*k**2 - 3*k + 3. List the prime factors of t(-11).
2, 3
Let i(h) = -h**3 - 4*h**2 - 5*h + 1. Let q(a) = a**3 + a**2 - a - 2. Let d be q(-2). List the prime factors of i(d).
3, 7
Let q(c) = 122*c - 14. What are the prime factors of q(2)?
2, 5, 23
Let u(h) = 18*h + 4. What are the prime factors of u(14)?
2
List the prime factors of (3 + (-75)/(-6))*2.
31
Suppose -u + 2 = -4. Suppose o - u = -2. List the prime factors of o.
2
Suppose 0*o + 42 = 2*o. Let i = 31 - o. List the prime factors of i.
2, 5
Suppose -u - 55 = -2*u. Suppose -2*i + 7*i = u. What are the prime factors of i?
11
Suppose 2*m + g - 4 = -0*m, -4*g + 4 = 5*m. What are the prime factors of (-3 + m)/((-2)/(-76))?
2, 19
Let p = 8 - 1. Suppose 5 = g - p. What are the prime factors of g?
2, 3
Let u(x) = -x**2 + 5*x + 2. Let i be u(5). Suppose 0 = -n - 2*q - 1, 0 = -4*n + 3*q - i*q - 4. What are the prime factors of (16 + -6)/(n/(-2))?
2, 5
Suppose -4*z - z = -10. Let q be (-2 + (-6)/(-4))*z. List the prime factors of 1*(-2 - 14/q).
2, 3
Suppose -65 = -2*y + 2*g - 3*g, -55 = -y - 5*g. Let u = 56 - y. List the prime factors of u.
2, 13
Let x(g) = -9*g**2 + 21*g + 3. Let v(r) = 4*r**2 - 10*r - 1. Let h(a) = -13*v(a) - 6*x(a). Let l(i) = -2*i + 2. Let u be l(3). List the prime factors of h(u).
11
Let z = -13 + -9. Let s be z/(-4)*1*-2. Let w = 17 + s. List the prime factors of w.
2, 3
Let g be 4/16 - 46/(-8). Suppose -g*u + 10*u - 96 = 0. What are the prime factors of u?
2, 3
Suppose -2*c + 27 = -2*v + 3, -16 = 4*v. Let a(m) = -2 + 12*m - m**2 - 10 - 2*m. List the prime factors of a(c).
2
Suppose -14 = 3*t - 44. Suppose 0 = -2*c + 14 - t. List the prime factors of c.
2
Let b(m) = -4*m + 1. Let n be (3 + -3)/3 + -2. What are the prime factors of b(n)?
3
Suppose -2*m - 180 = -z - z, -z - m + 84 = 0. List the prime factors of z.
3, 29
Let k be (-480)/(-112) - 2/7. Let a = 6 - k. What are the prime factors of a?
2
Let y(v) = -v**2 - 6*v + 5. Let j be y(-5). Let k(i) = j*i**2 - 5 + 15 + i**3 + 0. List the prime factors of k(-10).
2, 5
Suppose 0 = w - 2*w - 2. Let r be (24/(-32))/(w/(-16)). What are the prime factors of (-2)/r + (-140)/(-12)?
2, 3
Let y(x) = x - 5. Let h be y(6). List the prime factors of (4/h)/(1 - -1).
2
Suppose 0*q + 20 = 5*q. List the prime factors of q.
2
Suppose 0*o + 836 = 3*o - 4*q, -o + 272 = 2*q. Suppose -3*x = -9*x + o. List the prime factors of x.
2, 23
Let a(q) = q**2 + 5*q. Let x(s) = -s**2 - 10*s + 6. Let r be x(-10). Let o be a(r). Let d = o - 46. What are the prime factors of d?
2, 5
Let r = -36 + 55. List the prime factors of r.
19
Let i be 1/4 - 105/20. Let n(o) = o**3 + 4*o**2 - 6*o + 2. Let h be n(i). Suppose 0 = -5*q + 5*r + h + 33, 5*r - 25 = 0. What are the prime factors of q?
13
Suppose 0 = j + j + 8. Let p = 8 + j. What are the prime factors of 12/(-16) - (-15)/p?
3
Suppose 0 = 2*r + 3*r - 70. What are the prime factors of r?
2, 7
Suppose 0 = -n - 4, -k - 2*k = -4*n - 163. List the prime factors of k.
7
Suppose -2*u - 3*u - 25 = 0. Let p = 11 - u. Suppose 5 = h - p. What are the prime factors of h?
3, 7
Let s = 7 - 11. Let d be s/(-20) + 2/(-10). Suppose d = -4*k + 3*w + 74, -2*k - 4*w - 3 = -29. What are the prime factors of k?
17
Let u(d) = 2*d + 5. Let a be u(-6). Let o(j) = j**3 + 8*j**2 + 4*j - 9. Let n be o(a). Let c = n - 1. What are the prime factors of c?
11
Suppose 7*r - 653 = -93. What are the prime factors of r?
2, 5
Suppose -y + 121 = -98. What are the prime factors of y?
3, 73
Let g(m) = m**2 - 7*m + 8. Let w be g(6). Let i be 6*1*w/6. Suppose -5*f + p = -i*p - 45, -p = 5. What are the prime factors of f?
2, 3
Let t = -66 - -81. List the prime factors of t.
3, 5
Let q(n) = n**2 + 2*n - 6. Let j(d) = d + 1. Let v(f) = 3*j(f) + q(f). Let o be v(-3). Let g = o + 23. List the prime factors of g.
2, 7
Let v = -5 - -7. What are the prime factors of 54/2 + v/2?
2, 7
Let c be (12/16)/((-3)/(-8)). Let r = c - -5. What are the prime factors of r?
7
List the prime factors of (-814)/(-6) - (-1)/3.
2, 17
Let s(l) = -l**3 + 5*l**2 + l - 1. Let h be s(5). List the prime factors of (3 - 5)*(-38)/h.
19
Suppose 0 = -3*h - 3, -4*k + 2*h - 35 + 1 = 0. Let q(d) = d**2 + 8*d + 11. Let z be q(k). Suppose z + 8 = 2*x. What are the prime factors of x?
2, 7
Suppose 3*d - 10 - 5 = 0. Let k(h) = -4*h + 1. Let c be k(-1). Suppose -2*b = d*q - 0*b - 51, 0 = c*q - b - 57. List the prime factors of q.
11
Let d(r) be the first derivative of r**3/3 - 3*r**2 + 4*r - 7. Suppose -x + 2*x = 7. List the prime factors of d(x).
11
Let c(z) be the first derivative of -z**2 - 4*z - 4. List the prime factors of c(-5).
2, 3
Suppose 0 = 4*t - 10 + 2. Suppose -t*k + 7*k = -2*s + 98, s = 4*k - 68. Suppose o + 2*w - k = 0, 8*w - 16 = 4*w. List the prime factors of o.
2, 5
Let r(j) = -3*j + 2. Let c be r(-1). Let h(x) = x**3 - 5*x**2 + 8*x - 4. List the prime factors of h(c).
2, 3
List the prime factors of (-492)/(-9)*24/32.
41
Let u be (-5)/(-30) - 122/12. List the prime factors of (2/(-6))/(u/300).
2, 5
Suppose -359 = -i - i - m, 0 = i + 5*m - 175. List the prime factors of i.
2, 3, 5
Suppose 2*j - 349 = 51. What are the prime factors of j?
2, 5
Let n(u) be the first derivative of -3*u**2 - 3*u + 2. What are the prime factors of n(-2)?
3
Let q(i) = -7*i**2 + 2*i + 1. Let b be q(-1). Let n(h) = h**3 + 9*h**2 + 7*h + 2. List the prime factors of n(b).
2, 5
Suppose 4*g = -5*p + 258, -3*g = -g + p - 126. What are the prime factors of g?
2, 31
Let l(f) be the third derivative of 4*f**3 - 1/120*f**6 + 0 + 0*f**5 + 0*f - f**2 + 1/24*f**4. List the prime factors of l(0).
2, 3
Suppose -3*c + 0*c = -12. Let r be (2 + 0)*10/c. Suppose 4*j = 2*y - 38, 4*y + r*j - 56 = 3*j. List the prime factors of y.
3, 5
Let j(v) = -v**2 - 4*v + 2. Let k be j(-4). Suppose k*p = 3*p - 40. Suppose 4*x + x - p = -2*l, 0 = -4*x + 5*l - 1. List the prime factors of x.
2, 3
Suppose 0*m = a - 2*m + 4, -4*a + 3*m = 6. Suppose -2*n + a*d + 30 = 5*d, 3*n + 4*d - 38 = 0. List the prime factors of n.
2, 5
Let c(u) = -14*u - 2. What are the prime factors of c(-5)?
2, 17
Let k be (2/3)/(12/90). Suppose 0 = -2*z - 3*u + 83, -18 + 3 = k*u. What are the prime factors of z?
2, 23
Suppose h - 5*h = 0, 5*g + 4*h - 150 = 0. Suppose s + g = 4*s. What are the prime factors of s?
2, 5
Let f(m) = m**2 + 10*m + 6. Let k be f(-11). Let g = 53 - k. List the prime factors of g.
2, 3
Suppose -j + 3*r - 7 - 1 = 0, 0 = 4*j + 5*r + 83. Let h = 38 + j. List the prime factors of h.
3, 7
Let z(g) = -1 + 1 - 1 + 3*g. Let l be z(1). Suppose 2 = l*m - 2. List the prime factors of m.
2
Suppose 0 = -4*j + 3*x + 1417, -2*x - x = 3*j - 1089. What are the prime factors of j?
2, 179
Let d = -190 - -407. List the prime factors of d.
7, 31
Let h(u) = u**3 + 6*u**2 - 4*u - 6. What are the prime factors of h(-6)?
2, 3
Suppose 5*f - 21 = 2*c, 2*c + 9 = 5*f + 4*c. Let t = 62 - -8. Suppose -b - f*u - 60 = -4*b, 3*b - t = -2*u. What are the prime factors of b?
2, 11
Suppose t - 3 = 1. Suppose 0 = t*s - 29 - 71. List the prime factors of s.
5
Let w(p) = p + 15. What are the prime factors of w(9)?
2, 3
Let g(z) = -32*z**3 + 3*z**2 + 2*z. List the prime factors of g(-1).
3, 11
Suppose 4*l - 17 = -5. Suppose l*w - 9 = 3*c, -4*c = -c. Suppose f = -w*h + 17, 19 = 5*h + 2*f + 2*f. List the prime factors of h.
7
Let h = 1 + 1. Suppose -5*t = -0*t - 25. Let u = h + t. List the prime factors of u.
7
Let b be (-3)/(-6) - 15/6. Let f(i) = 4*i**2 - 1. What are the prime factors of f(b)?
3, 5
Suppose -4*n + 0*n + 12 = 0. Let s = n + 1. Suppose 0 = 3*j - j - s. What are the prime factors of j?
2
Let n = 8 - -12. Let h = n - 8. What are the prime factors of h?
2, 3
Let t = 31 + -2. List the prime factors of t.
29
Let f(n) = 2*n - 4*n**2 - 5*n + 3*n + 1. Let c be f(-1). Let u = c - -9. What are the prime factors of u?
2, 3
Suppose 0 = -3*w + 3 - 0. Suppose h + 9 - w = 0. What are the prime factors of h/(-36) - (-230)/18?
13
Suppose -2*y + 300 = 3*y. List the prime factors of y.
2, 3, 5
Let m = -8 + 28. Suppose q + 3*q + m = 0. What are the prime factors of 4 - (2 + q - -1)?
2, 3
List the prime factors of (-6)/5*-5 + -2.
2
List the prime factors of (-1)/((-1 + -1)/62).
31
Suppose 4*t = 3*g + 654, 